{"id":25,"date":"2015-04-20T19:07:51","date_gmt":"2015-04-20T19:07:51","guid":{"rendered":"http:\/\/bogyiszloizenekar.hu\/?page_id=25"},"modified":"2021-11-11T16:13:25","modified_gmt":"2021-11-11T16:13:25","slug":"zenek","status":"publish","type":"page","link":"https:\/\/bogyiszloizenekar.hu\/?page_id=25","title":{"rendered":"Zen\u00e9k"},"content":{"rendered":"<p><code>H\u00e1rmat tojott a fekete k\u00e1nya: <div class=\"sc_player_container1\"><input type=\"button\" id=\"btnplay_6a01c76c4230f9.73050520\" class=\"myButton_play\" onClick=\"play_mp3('play','6a01c76c4230f9.73050520','http:\/\/bogyiszloizenekar.hu\/wp-content\/uploads\/zene\/01_Harmat_tojott_a_fekete_kanya.mp3','80','false');show_hide('play','6a01c76c4230f9.73050520');\" \/><input type=\"button\"  id=\"btnstop_6a01c76c4230f9.73050520\" style=\"display:none\" class=\"myButton_stop\" onClick=\"play_mp3('stop','6a01c76c4230f9.73050520','','80','false');show_hide('stop','6a01c76c4230f9.73050520');\" \/><div id=\"sm2-container\"><!-- flash movie ends up here --><\/div><\/div><\/code><\/p>\n<p><code>Ugr\u00f3sok: <div class=\"sc_player_container1\"><input type=\"button\" id=\"btnplay_6a01c76c423404.08244557\" class=\"myButton_play\" onClick=\"play_mp3('play','6a01c76c423404.08244557','http:\/\/bogyiszloizenekar.hu\/wp-content\/uploads\/zene\/05-Ugrosok.mp3','80','false');show_hide('play','6a01c76c423404.08244557');\" \/><input type=\"button\"  id=\"btnstop_6a01c76c423404.08244557\" style=\"display:none\" class=\"myButton_stop\" onClick=\"play_mp3('stop','6a01c76c423404.08244557','','80','false');show_hide('stop','6a01c76c423404.08244557');\" \/><div id=\"sm2-container\"><!-- flash movie ends up here --><\/div><\/div><\/code><\/p>\n<p><code>Hej rozmaring: <div class=\"sc_player_container1\"><input type=\"button\" id=\"btnplay_6a01c76c423521.71586728\" class=\"myButton_play\" onClick=\"play_mp3('play','6a01c76c423521.71586728','http:\/\/bogyiszloizenekar.hu\/wp-content\/uploads\/zene\/06_Hej_rozmaring.mp3','80','false');show_hide('play','6a01c76c423521.71586728');\" \/><input type=\"button\"  id=\"btnstop_6a01c76c423521.71586728\" style=\"display:none\" class=\"myButton_stop\" onClick=\"play_mp3('stop','6a01c76c423521.71586728','','80','false');show_hide('stop','6a01c76c423521.71586728');\" \/><div id=\"sm2-container\"><!-- flash movie ends up here --><\/div><\/div><\/code><\/p>\n<p><code>Cig\u00e1nyzen\u00e9k: <div class=\"sc_player_container1\"><input type=\"button\" id=\"btnplay_6a01c76c423657.60494166\" class=\"myButton_play\" onClick=\"play_mp3('play','6a01c76c423657.60494166','http:\/\/bogyiszloizenekar.hu\/wp-content\/uploads\/zene\/13-Ciganyzenek.mp3','80','false');show_hide('play','6a01c76c423657.60494166');\" \/><input type=\"button\"  id=\"btnstop_6a01c76c423657.60494166\" style=\"display:none\" class=\"myButton_stop\" onClick=\"play_mp3('stop','6a01c76c423657.60494166','','80','false');show_hide('stop','6a01c76c423657.60494166');\" \/><div id=\"sm2-container\"><!-- flash movie ends up here --><\/div><\/div><\/code><\/p>\n","protected":false},"excerpt":{"rendered":"<p>H\u00e1rmat tojott a fekete k\u00e1nya: Ugr\u00f3sok: Hej rozmaring: Cig\u00e1nyzen\u00e9k:<\/p>\n","protected":false},"author":1,"featured_media":0,"parent":0,"menu_order":0,"comment_status":"closed","ping_status":"closed","template":"page-templates\/full-width.php","meta":[],"_links":{"self":[{"href":"https:\/\/bogyiszloizenekar.hu\/index.php?rest_route=\/wp\/v2\/pages\/25"}],"collection":[{"href":"https:\/\/bogyiszloizenekar.hu\/index.php?rest_route=\/wp\/v2\/pages"}],"about":[{"href":"https:\/\/bogyiszloizenekar.hu\/index.php?rest_route=\/wp\/v2\/types\/page"}],"author":[{"embeddable":true,"href":"https:\/\/bogyiszloizenekar.hu\/index.php?rest_route=\/wp\/v2\/users\/1"}],"replies":[{"embeddable":true,"href":"https:\/\/bogyiszloizenekar.hu\/index.php?rest_route=%2Fwp%2Fv2%2Fcomments&post=25"}],"version-history":[{"count":5,"href":"https:\/\/bogyiszloizenekar.hu\/index.php?rest_route=\/wp\/v2\/pages\/25\/revisions"}],"predecessor-version":[{"id":43,"href":"https:\/\/bogyiszloizenekar.hu\/index.php?rest_route=\/wp\/v2\/pages\/25\/revisions\/43"}],"wp:attachment":[{"href":"https:\/\/bogyiszloizenekar.hu\/index.php?rest_route=%2Fwp%2Fv2%2Fmedia&parent=25"}],"curies":[{"name":"wp","href":"https:\/\/api.w.org\/{rel}","templated":true}]}}