{"id":16,"date":"2015-04-20T18:52:36","date_gmt":"2015-04-20T18:52:36","guid":{"rendered":"http:\/\/bogyiszloizenekar.hu\/?page_id=16"},"modified":"2015-04-20T18:52:36","modified_gmt":"2015-04-20T18:52:36","slug":"gyujtesek","status":"publish","type":"page","link":"https:\/\/bogyiszloizenekar.hu\/?page_id=16","title":{"rendered":"Gy\u0171jt\u00e9sek"},"content":{"rendered":"<p class=\"western\" align=\"justify\">Lajtha L\u00e1szl\u00f3 1922. \u00e9vi gy\u0171jt\u00e9s\u00e9t\u0151l napjainkig, gazdag \u00e9s jellegzetes hagyom\u00e1ny t\u00e1rult f\u00f6l Bogyiszl\u00f3n, mind hangszereken, mind, pedig \u00e9nekben. A k\u00f6zs\u00e9g ugyan formailag sok\u00e1ig, a Duna jobb partj\u00e1n fek\u00fcdt, m\u00e9gis n\u00e9phagyom\u00e1nya Tolna megyei, m\u00e9ghozz\u00e1 kelet-tolnai saj\u00e1toss\u00e1gokat \u0151rz\u0151 telep\u00fcl\u00e9s. A Duna ment\u00e9n fekv\u0151 Bogyiszl\u00f3, hagyom\u00e1nyait tekintve, hidat k\u00e9pez Kelet-Tolna \u00e9s Kalocsa n\u00e9pzenei &#8220;nyelvj\u00e1r\u00e1sai&#8221; k\u00f6z\u00f6tt. F\u00f6ldrajzilag valamikor a Duna-Tisza k\u00f6z\u00e9hez tartozott, s csak a Duna m\u00falt sz\u00e1zadi szab\u00e1lyoz\u00e1sakor, a kanyarg\u00f3 meder \u00e1tv\u00e1g\u00e1sa r\u00e9v\u00e9n lett a Dun\u00e1nt\u00fal r\u00e9sze. (1843-1852)<\/p>\n<p class=\"western\" align=\"justify\">A zenekar nagyszer\u0171 j\u00e1t\u00e9k\u00e1ra sz\u00e1mos n\u00e9pzenekutat\u00f3 felfigyelt: Martin Gy\u00f6rgy, Pesov\u00e1r Ferenc, Andr\u00e1sfalvy Bertalan, Olsvai Imre, Seb\u0151 Ferenc, Halmos B\u00e9la\u2026 T\u00f6bb filmen \u00e9s hangfelv\u00e9telen is meg\u00f6r\u00f6k\u00edtett\u00e9k a zenekart. 1984-ben Seb\u0151 Ferenc k\u00e9sz\u00edtett egy lemezt a zenekar reperto\u00e1rj\u00e1b\u00f3l. Nagyon j\u00f3l siker\u00fclt, igaz\u00e1n t\u00fckr\u00f6zi a zenekar szerte\u00e1gaz\u00f3 zenei tud\u00e1s\u00e1t, hisz nem csak a helyi n\u00e9pdalokat, n\u00e9pzen\u00e9t j\u00e1tszatta a lemezre, hanem a reperto\u00e1rjuknak m\u00e9g megjelen\u0151 zenei st\u00edlusait is. \u00cdgy a sv\u00e1b, illetve cig\u00e1nyzen\u00e9ket is lehet hallani a lemezen.<\/p>\n<p class=\"western\" align=\"justify\">Bogyiszl\u00f3i zene legjellegzetesebb t\u00e1nct\u00edpusai: ugr\u00f3s-kan\u00e1szt\u00e1nc, illetve a lass\u00fa- \u00e9s friss- cs\u00e1rd\u00e1s, melyek azonosak a d\u00e9lkelet-dun\u00e1nt\u00falival. Dallamaik szint\u00e9n egyeznek, de gazdagabb, v\u00e1ltozatosabb \u00e9s archaikusabb reperto\u00e1r, mint ak\u00e1r a s\u00e1rk\u00f6ziek\u00e9, vagy a Madocsaiak\u00e9. K\u00fcl\u00f6n\u00f6sen a friss cs\u00e1rd\u00e1s zeneanyag\u00e1ban tal\u00e1lhat\u00f3 t\u00f6bb olyan r\u00e9gi ereszked\u0151 dallam, f\u0151k\u00e9ppen \u201edudan\u00f3ta\u201d, ami m\u00e1r a k\u00f6zvetlen szomsz\u00e9dok zenei anyag\u00e1b\u00f3l kiveszett \u00e9s hely\u00fckre XIX. sz\u00e1zadi m\u0171cs\u00e1rd\u00e1sok ker\u00fcltek.<\/p>\n<p class=\"western\">Az ugr\u00f3s-kan\u00e1szt\u00e1nc dallamok z\u00f6me eredeti, teh\u00e1t itt is \u00e9lt hagyom\u00e1ny.<\/p>\n<p class=\"western\" align=\"justify\">Az \u201eUgorkori \u00f6r\u00f6ks\u00e9g\u201d vagy \u201eSirat\u00f3 st\u00edlus\u201d dallamk\u00f6r\u00e9nek megtal\u00e1lhat\u00f3 \u00e9rdekes helyi v\u00e1ltozata, nem m\u00e1shonn\u00e9t \u00e1tvett hagyom\u00e1ny (\u201eAkkor sz\u00e9p a diszn\u00f3 orra\u201d).<\/p>\n<p class=\"western\" align=\"justify\">A p\u00e1rland\u00f3-rubato dallamanyagb\u00f3l kiemelkedik az \u00f6tfok\u00fa, \u00f6tsoros (kvintv\u00e1lt\u00e1st is tartalmaz\u00f3) p\u00e1sztordal: \u201eL\u00f3ra csik\u00f3s, l\u00f3ra\u201d. E dallamt\u00edpus f\u0151 ter\u00fclete a Duna- Tisza k\u00f6ze \u00e9s a hozz\u00e1 fel\u00fclr\u0151l csatlakoz\u00f3 k\u00f6z\u00e9p-\u00e9szaki \u00e9s \u00e9szakkeleti t\u00e1jak. Sz\u00f3rv\u00e1nyosan megtal\u00e1lhat\u00f3 m\u00e9g a Tisz\u00e1nt\u00falon \u00e9s D\u00e9l-Dun\u00e1nt\u00falon (Tolna, Baranya, Somogy megye). A Bogyiszl\u00f3n megtal\u00e1lhat\u00f3 v\u00e1ltozat nem \u00e1tv\u00e9tele az alf\u00f6ldi, vagy a B\u00e1tai v\u00e1ltozatnak, hanem a helyi hagyom\u00e1ny szerves r\u00e9sze.<\/p>\n<p class=\"western\" align=\"justify\">A <span style=\"text-decoration: underline;\"><b>cs\u00e1rd\u00e1s<\/b><\/span> ezen a vid\u00e9ken igen m\u00e9lyen gy\u00f6kerez\u0151, jellegzetes t\u00e1nct\u00edpus. A lass\u00fa cs\u00e1rd\u00e1s itt sem tartalmaz sokkal t\u00f6bb mot\u00edvumot, mint a nyugati dialektus m\u00e1s r\u00e9szein, k\u00e9nyelmes nyugodt temp\u00f3j\u00fa. K\u00fcl\u00f6nleges r\u00e9sze a t\u00e1ncnak tal\u00e1n az, amikor a p\u00e1rok elengedik egym\u00e1st \u00e9s sz\u00e9p-l\u00e1gy mozdulatok, forg\u00e1s ut\u00e1n \u00fajra \u00f6sszefognak.<\/p>\n<p class=\"western\" align=\"justify\">A <span style=\"text-decoration: underline;\"><b>friss cs\u00e1rd\u00e1s <\/b><\/span>viszont igen gazdag mot\u00edvumokkal rendelkezik \u00e9s \u00e9p\u00edtkezik. F\u0151bb mozzanatai: egyl\u00e9p\u00e9ses buktat\u00e1s, sarkaz\u00f3-apr\u00f3z\u00f3 l\u00e1bfejfigur\u00e1z\u00e1sok, kopog\u00e1sok \u00e9s a p\u00e1ros forg\u00e1s m\u00e1shonnan alig ismert virtu\u00f3z, apr\u00f3z\u00f3, a lippent\u00f6s &#8211; m\u00e1rtogat\u00f3s mot\u00edvum. A lass\u00fa \u00e9s friss cs\u00e1rd\u00e1s k\u00f6z\u00f6tt hangs\u00falybeli elt\u00e9r\u00e9s van: a lass\u00fa fenthangs\u00falyos, a friss lenthangs\u00falyos t\u00e1nc. Val\u00f3sz\u00edn\u0171leg a lenthangs\u00falyos cs\u00e1rd\u00e1s r\u00e9gebbi, s a fiatalabb nemzed\u00e9k fenthangs\u00falyos cs\u00e1rd\u00e1sa \u00fajabb divatok eredm\u00e9nye. A bogyiszl\u00f3i zene nagyon gazdag dallamanyaggal rendelkezik.<\/p>\n<p class=\"western\" align=\"justify\">Az ugr\u00f3st, helyi n\u00e9ven a <span style=\"text-decoration: underline;\"><b>c\u00f6n\u00f6g\u00e9t <\/b><\/span>p\u00e1rban \u00e9s k\u00f6rben is t\u00e1ncolj\u00e1k. A t\u00e1ncfolyamat egyetlen \u00f6sszetett mot\u00edvum ism\u00e9tl\u00e9s\u00e9b\u0151l \u00e1ll. Az ugr\u00f3s zenei anyag\u00e1t a r\u00e9gi st\u00edlus\u00fa dallamok mellett m\u00e1s dallamok is b\u0151v\u00edtett\u00e9k \u00edgy a d\u00e9lszl\u00e1v, cig\u00e1ny \u00e9s \u00faj st\u00edlus\u00fa magyar dallamok, s\u0151t a sz\u00e1zad eleji kupl\u00e9k dallamai is.<\/p>\n<p class=\"western\" align=\"justify\">A t\u00e1ncok rendje nem volt teljesen k\u00f6t\u00f6tt, de \u00e1ltal\u00e1ban a zenekar cs\u00e1rd\u00e1ssal kezdte t\u00e1ncrendet majd friss cs\u00e1rd\u00e1ssal, folytatta \u00e9s v\u00e9g\u00fcl ugr\u00f3ssal z\u00e1rta. A hagyom\u00e1nyos t\u00e1ncok mell\u00e9 beker\u00fcltek a k\u00f6zkedvelt polg\u00e1ri t\u00e1ncok is: tang\u00f3, kering\u0151, valcer.<\/p>\n","protected":false},"excerpt":{"rendered":"<p>Lajtha L\u00e1szl\u00f3 1922. \u00e9vi gy\u0171jt\u00e9s\u00e9t\u0151l napjainkig, gazdag \u00e9s jellegzetes hagyom\u00e1ny t\u00e1rult f\u00f6l Bogyiszl\u00f3n, mind hangszereken, mind, pedig \u00e9nekben. A k\u00f6zs\u00e9g ugyan formailag sok\u00e1ig, a Duna jobb partj\u00e1n fek\u00fcdt, m\u00e9gis n\u00e9phagyom\u00e1nya Tolna megyei, m\u00e9ghozz\u00e1 kelet-tolnai saj\u00e1toss\u00e1gokat \u0151rz\u0151 telep\u00fcl\u00e9s. A Duna ment\u00e9n fekv\u0151 Bogyiszl\u00f3, hagyom\u00e1nyait tekintve, hidat k\u00e9pez Kelet-Tolna \u00e9s Kalocsa n\u00e9pzenei &#8220;nyelvj\u00e1r\u00e1sai&#8221; k\u00f6z\u00f6tt. F\u00f6ldrajzilag valamikor a [&hellip;]<\/p>\n","protected":false},"author":1,"featured_media":0,"parent":0,"menu_order":0,"comment_status":"closed","ping_status":"closed","template":"page-templates\/full-width.php","meta":[],"_links":{"self":[{"href":"https:\/\/bogyiszloizenekar.hu\/index.php?rest_route=\/wp\/v2\/pages\/16"}],"collection":[{"href":"https:\/\/bogyiszloizenekar.hu\/index.php?rest_route=\/wp\/v2\/pages"}],"about":[{"href":"https:\/\/bogyiszloizenekar.hu\/index.php?rest_route=\/wp\/v2\/types\/page"}],"author":[{"embeddable":true,"href":"https:\/\/bogyiszloizenekar.hu\/index.php?rest_route=\/wp\/v2\/users\/1"}],"replies":[{"embeddable":true,"href":"https:\/\/bogyiszloizenekar.hu\/index.php?rest_route=%2Fwp%2Fv2%2Fcomments&post=16"}],"version-history":[{"count":1,"href":"https:\/\/bogyiszloizenekar.hu\/index.php?rest_route=\/wp\/v2\/pages\/16\/revisions"}],"predecessor-version":[{"id":17,"href":"https:\/\/bogyiszloizenekar.hu\/index.php?rest_route=\/wp\/v2\/pages\/16\/revisions\/17"}],"wp:attachment":[{"href":"https:\/\/bogyiszloizenekar.hu\/index.php?rest_route=%2Fwp%2Fv2%2Fmedia&parent=16"}],"curies":[{"name":"wp","href":"https:\/\/api.w.org\/{rel}","templated":true}]}}